{"id":10,"date":"2021-11-03T11:22:56","date_gmt":"2021-11-03T08:22:56","guid":{"rendered":"http:\/\/maisonmarvis.com\/?post_type=product&#038;p=10"},"modified":"2021-11-10T11:57:24","modified_gmt":"2021-11-10T08:57:24","slug":"ovo-vase-deri-cam-vazo","status":"publish","type":"product","link":"https:\/\/maisonmarvis.com\/index.php\/urun\/ovo-vase-deri-cam-vazo\/","title":{"rendered":"Ovo-Vase"},"content":{"rendered":"<p>Dekoratif Deri Cam Vazo \u00dcr\u00fcn\u00fcm\u00fcz,<\/p>\n<p>Materyaller &#8211; <a href=\"https:\/\/petitapetit.co\/urun\/little-pocket-mavi\/\">Cam <\/a>\u00a0<a href=\"https:\/\/maisonmarvis.com\/index.php\/urun\/dot-vase\/\">Vegetal<\/a> Deri &#8211; Boyutlar 23&#215;15<\/p>\n<p class=\"font_8\">Deri ve cam\u0131n birbirine z\u0131t olan ge\u00e7irgenlik \u00f6zelliklerini g\u00f6zlemleyen tasar\u0131mc\u0131 Bilge Nur Salt\u0131k, deri \u00fczerinde geometrik bir desen tasarlad\u0131. Bu desen sayesinde deriye ge\u00e7irgenlik sa\u011flayan tasar\u0131m, bir nevi malzemeye yeni bir \u00f6zellik ekliyor. Malzemelerin \u00f6zelliklerine yap\u0131lan bu oyunsu m\u00fcdahale, g\u00f6z \u00fczerinde de bir oyun etkisi yarat\u0131yor. Bir yandan deliklerden i\u00e7eriyi g\u00f6zetlerken, di\u011fer yandan derinin ihti\u015faml\u0131 dokusuna tak\u0131l\u0131yor g\u00f6z.<\/p>\n<p class=\"font_8\">Dot serisi derinin narin ve g\u00fczel dokusuna vurgu yap\u0131yor. Cam\u0131n etraf\u0131n\u0131 saran deri, do\u011fal g\u00fczelli\u011fiyle dokunma duyular\u0131n\u0131 harekete ge\u00e7iriyor ve s\u0131cak bir \u00fcr\u00fcn meydana getiriyor.<\/p>\n<p class=\"font_8\">Dot&#8217;ta kullan\u0131lan\u00a0vejetal deri, el diki\u015fi ile birle\u015fiyor. \u0130ki farkl\u0131 renk ve ebatta sunulan Dot; vazo, kalemlik, mumluk olarak ve daha bir\u00e7ok farkl\u0131 i\u015flevde kullan\u0131labilecek bir masa\u00fcst\u00fc objesi.<\/p>\n<p class=\"font_8\">Deri ve cam\u0131n birbirine z\u0131t olan ge\u00e7irgenlik \u00f6zelliklerini g\u00f6zlemleyen tasar\u0131mc\u0131 Bilge Nur Salt\u0131k, deri \u00fczerinde geometrik bir desen tasarlad\u0131. Bu desen sayesinde deriye ge\u00e7irgenlik sa\u011flayan tasar\u0131m, bir nevi malzemeye yeni bir \u00f6zellik ekliyor. Malzemelerin \u00f6zelliklerine yap\u0131lan bu oyunsu m\u00fcdahale, g\u00f6z \u00fczerinde de bir oyun etkisi yarat\u0131yor. Bir yandan deliklerden i\u00e7eriyi g\u00f6zetlerken, di\u011fer yandan derinin ihti\u015faml\u0131 dokusuna tak\u0131l\u0131yor g\u00f6z.<\/p>\n<p class=\"font_8\">Dot serisi derinin narin ve g\u00fczel dokusuna vurgu yap\u0131yor. Cam\u0131n etraf\u0131n\u0131 saran deri, do\u011fal g\u00fczelli\u011fiyle dokunma duyular\u0131n\u0131 harekete ge\u00e7iriyor ve s\u0131cak bir \u00fcr\u00fcn meydana getiriyor.<\/p>\n<p class=\"font_8\">Dot&#8217;ta kullan\u0131lan\u00a0vejetal deri, el diki\u015fi ile birle\u015fiyor. \u0130ki farkl\u0131 renk ve ebatta sunulan Dot; vazo, kalemlik, mumluk olarak ve daha bir\u00e7ok farkl\u0131 i\u015flevde kullan\u0131labilecek bir masa\u00fcst\u00fc objesi.<\/p>\n","protected":false},"excerpt":{"rendered":"<p>Dekoratif Deri Cam Vazo \u00dcr\u00fcn\u00fcm\u00fcz,<\/p>\n<p>Materyaller<\/p>\n<ul>\n<li><a href=\"https:\/\/petitapetit.co\/urun\/little-pocket-mavi\/\">Cam<\/a><\/li>\n<li>\u00a0<a href=\"https:\/\/maisonmarvis.com\/index.php\/urun\/dot-vase\/\">Vegetal<\/a> Deri<\/li>\n<\/ul>\n<p>Boyutlar<\/p>\n<ul>\n<li>23&#215;1<\/li>\n<\/ul>\n","protected":false},"featured_media":54,"template":"","meta":{"om_disable_all_campaigns":false,"_monsterinsights_skip_tracking":false,"_monsterinsights_sitenote_active":false,"_monsterinsights_sitenote_note":"","_monsterinsights_sitenote_category":0},"product_cat":[15],"product_tag":[22,32,24,23,21],"yoast_head":"<!-- This site is optimized with the Yoast SEO plugin v18.3 - https:\/\/yoast.com\/wordpress\/plugins\/seo\/ -->\n<title>\u00d6zel Tasar\u0131m Deri Cam Vazo Sat\u0131n Al<\/title>\n<meta name=\"description\" content=\"Deri Cam Vazo Vegetal Deri \u00d6zel Tasar\u0131m Ev dekorasyonu Ev Objesi Dekoratif \u00fcr\u00fcnler Design Object Vegetal Leather Vase Home Decorate\" \/>\n<meta name=\"robots\" content=\"index, follow, max-snippet:-1, max-image-preview:large, max-video-preview:-1\" \/>\n<link rel=\"canonical\" href=\"https:\/\/maisonmarvis.com\/index.php\/urun\/ovo-vase-deri-cam-vazo\/\" \/>\n<meta property=\"og:locale\" content=\"en_US\" \/>\n<meta property=\"og:type\" content=\"article\" \/>\n<meta property=\"og:title\" content=\"\u00d6zel Tasar\u0131m Deri Cam Vazo Sat\u0131n Al\" \/>\n<meta property=\"og:description\" content=\"Deri Cam Vazo Vegetal Deri \u00d6zel Tasar\u0131m Ev dekorasyonu Ev Objesi Dekoratif \u00fcr\u00fcnler Design Object Vegetal Leather Vase Home Decorate\" \/>\n<meta property=\"og:url\" content=\"https:\/\/maisonmarvis.com\/index.php\/urun\/ovo-vase-deri-cam-vazo\/\" \/>\n<meta property=\"article:modified_time\" content=\"2021-11-10T08:57:24+00:00\" \/>\n<meta property=\"og:image\" content=\"http:\/\/maisonmarvis.com\/wp-content\/uploads\/2021\/11\/82539825_2505294676265108_2544582734686619389_n_900x.jpg\" \/>\n\t<meta property=\"og:image:width\" content=\"900\" \/>\n\t<meta property=\"og:image:height\" content=\"900\" \/>\n\t<meta property=\"og:image:type\" content=\"image\/jpeg\" \/>\n<meta name=\"twitter:card\" content=\"summary_large_image\" \/>\n<meta name=\"twitter:label1\" content=\"Est. reading time\" \/>\n\t<meta name=\"twitter:data1\" content=\"2 minutes\" \/>\n<script type=\"application\/ld+json\" class=\"yoast-schema-graph\">{\"@context\":\"https:\/\/schema.org\",\"@graph\":[{\"@type\":\"WebSite\",\"@id\":\"https:\/\/maisonmarvis.com\/#website\",\"url\":\"https:\/\/maisonmarvis.com\/\",\"name\":\"\",\"description\":\"Maison Marvis\",\"potentialAction\":[{\"@type\":\"SearchAction\",\"target\":{\"@type\":\"EntryPoint\",\"urlTemplate\":\"https:\/\/maisonmarvis.com\/?s={search_term_string}\"},\"query-input\":\"required name=search_term_string\"}],\"inLanguage\":\"en-US\"},{\"@type\":\"ImageObject\",\"@id\":\"https:\/\/maisonmarvis.com\/index.php\/urun\/ovo-vase-deri-cam-vazo\/#primaryimage\",\"inLanguage\":\"en-US\",\"url\":\"https:\/\/maisonmarvis.com\/wp-content\/uploads\/2021\/11\/82539825_2505294676265108_2544582734686619389_n_900x.jpg\",\"contentUrl\":\"https:\/\/maisonmarvis.com\/wp-content\/uploads\/2021\/11\/82539825_2505294676265108_2544582734686619389_n_900x.jpg\",\"width\":900,\"height\":900,\"caption\":\"Deri Cam Vazo\"},{\"@type\":\"WebPage\",\"@id\":\"https:\/\/maisonmarvis.com\/index.php\/urun\/ovo-vase-deri-cam-vazo\/#webpage\",\"url\":\"https:\/\/maisonmarvis.com\/index.php\/urun\/ovo-vase-deri-cam-vazo\/\",\"name\":\"\u00d6zel Tasar\u0131m Deri Cam Vazo Sat\u0131n Al\",\"isPartOf\":{\"@id\":\"https:\/\/maisonmarvis.com\/#website\"},\"primaryImageOfPage\":{\"@id\":\"https:\/\/maisonmarvis.com\/index.php\/urun\/ovo-vase-deri-cam-vazo\/#primaryimage\"},\"datePublished\":\"2021-11-03T08:22:56+00:00\",\"dateModified\":\"2021-11-10T08:57:24+00:00\",\"description\":\"Deri Cam Vazo Vegetal Deri \u00d6zel Tasar\u0131m Ev dekorasyonu Ev Objesi Dekoratif \u00fcr\u00fcnler Design Object Vegetal Leather Vase Home Decorate\",\"breadcrumb\":{\"@id\":\"https:\/\/maisonmarvis.com\/index.php\/urun\/ovo-vase-deri-cam-vazo\/#breadcrumb\"},\"inLanguage\":\"en-US\",\"potentialAction\":[{\"@type\":\"ReadAction\",\"target\":[\"https:\/\/maisonmarvis.com\/index.php\/urun\/ovo-vase-deri-cam-vazo\/\"]}]},{\"@type\":\"BreadcrumbList\",\"@id\":\"https:\/\/maisonmarvis.com\/index.php\/urun\/ovo-vase-deri-cam-vazo\/#breadcrumb\",\"itemListElement\":[{\"@type\":\"ListItem\",\"position\":1,\"name\":\"Anasayfa\",\"item\":\"https:\/\/maisonmarvis.com\/\"},{\"@type\":\"ListItem\",\"position\":2,\"name\":\"Ma\u011faza\",\"item\":\"https:\/\/maisonmarvis.com\/index.php\/magaza\/\"},{\"@type\":\"ListItem\",\"position\":3,\"name\":\"Ovo-Vase\"}]}]}<\/script>\n<!-- \/ Yoast SEO plugin. -->","yoast_head_json":{"title":"\u00d6zel Tasar\u0131m Deri Cam Vazo Sat\u0131n Al","description":"Deri Cam Vazo Vegetal Deri \u00d6zel Tasar\u0131m Ev dekorasyonu Ev Objesi Dekoratif \u00fcr\u00fcnler Design Object Vegetal Leather Vase Home Decorate","robots":{"index":"index","follow":"follow","max-snippet":"max-snippet:-1","max-image-preview":"max-image-preview:large","max-video-preview":"max-video-preview:-1"},"canonical":"https:\/\/maisonmarvis.com\/index.php\/urun\/ovo-vase-deri-cam-vazo\/","og_locale":"en_US","og_type":"article","og_title":"\u00d6zel Tasar\u0131m Deri Cam Vazo Sat\u0131n Al","og_description":"Deri Cam Vazo Vegetal Deri \u00d6zel Tasar\u0131m Ev dekorasyonu Ev Objesi Dekoratif \u00fcr\u00fcnler Design Object Vegetal Leather Vase Home Decorate","og_url":"https:\/\/maisonmarvis.com\/index.php\/urun\/ovo-vase-deri-cam-vazo\/","article_modified_time":"2021-11-10T08:57:24+00:00","og_image":[{"width":900,"height":900,"url":"http:\/\/maisonmarvis.com\/wp-content\/uploads\/2021\/11\/82539825_2505294676265108_2544582734686619389_n_900x.jpg","type":"image\/jpeg"}],"twitter_card":"summary_large_image","twitter_misc":{"Est. reading time":"2 minutes"},"schema":{"@context":"https:\/\/schema.org","@graph":[{"@type":"WebSite","@id":"https:\/\/maisonmarvis.com\/#website","url":"https:\/\/maisonmarvis.com\/","name":"","description":"Maison Marvis","potentialAction":[{"@type":"SearchAction","target":{"@type":"EntryPoint","urlTemplate":"https:\/\/maisonmarvis.com\/?s={search_term_string}"},"query-input":"required name=search_term_string"}],"inLanguage":"en-US"},{"@type":"ImageObject","@id":"https:\/\/maisonmarvis.com\/index.php\/urun\/ovo-vase-deri-cam-vazo\/#primaryimage","inLanguage":"en-US","url":"https:\/\/maisonmarvis.com\/wp-content\/uploads\/2021\/11\/82539825_2505294676265108_2544582734686619389_n_900x.jpg","contentUrl":"https:\/\/maisonmarvis.com\/wp-content\/uploads\/2021\/11\/82539825_2505294676265108_2544582734686619389_n_900x.jpg","width":900,"height":900,"caption":"Deri Cam Vazo"},{"@type":"WebPage","@id":"https:\/\/maisonmarvis.com\/index.php\/urun\/ovo-vase-deri-cam-vazo\/#webpage","url":"https:\/\/maisonmarvis.com\/index.php\/urun\/ovo-vase-deri-cam-vazo\/","name":"\u00d6zel Tasar\u0131m Deri Cam Vazo Sat\u0131n Al","isPartOf":{"@id":"https:\/\/maisonmarvis.com\/#website"},"primaryImageOfPage":{"@id":"https:\/\/maisonmarvis.com\/index.php\/urun\/ovo-vase-deri-cam-vazo\/#primaryimage"},"datePublished":"2021-11-03T08:22:56+00:00","dateModified":"2021-11-10T08:57:24+00:00","description":"Deri Cam Vazo Vegetal Deri \u00d6zel Tasar\u0131m Ev dekorasyonu Ev Objesi Dekoratif \u00fcr\u00fcnler Design Object Vegetal Leather Vase Home Decorate","breadcrumb":{"@id":"https:\/\/maisonmarvis.com\/index.php\/urun\/ovo-vase-deri-cam-vazo\/#breadcrumb"},"inLanguage":"en-US","potentialAction":[{"@type":"ReadAction","target":["https:\/\/maisonmarvis.com\/index.php\/urun\/ovo-vase-deri-cam-vazo\/"]}]},{"@type":"BreadcrumbList","@id":"https:\/\/maisonmarvis.com\/index.php\/urun\/ovo-vase-deri-cam-vazo\/#breadcrumb","itemListElement":[{"@type":"ListItem","position":1,"name":"Anasayfa","item":"https:\/\/maisonmarvis.com\/"},{"@type":"ListItem","position":2,"name":"Ma\u011faza","item":"https:\/\/maisonmarvis.com\/index.php\/magaza\/"},{"@type":"ListItem","position":3,"name":"Ovo-Vase"}]}]}},"_links":{"self":[{"href":"https:\/\/maisonmarvis.com\/index.php\/wp-json\/wp\/v2\/product\/10"}],"collection":[{"href":"https:\/\/maisonmarvis.com\/index.php\/wp-json\/wp\/v2\/product"}],"about":[{"href":"https:\/\/maisonmarvis.com\/index.php\/wp-json\/wp\/v2\/types\/product"}],"wp:featuredmedia":[{"embeddable":true,"href":"https:\/\/maisonmarvis.com\/index.php\/wp-json\/wp\/v2\/media\/54"}],"wp:attachment":[{"href":"https:\/\/maisonmarvis.com\/index.php\/wp-json\/wp\/v2\/media?parent=10"}],"wp:term":[{"taxonomy":"product_cat","embeddable":true,"href":"https:\/\/maisonmarvis.com\/index.php\/wp-json\/wp\/v2\/product_cat?post=10"},{"taxonomy":"product_tag","embeddable":true,"href":"https:\/\/maisonmarvis.com\/index.php\/wp-json\/wp\/v2\/product_tag?post=10"}],"curies":[{"name":"wp","href":"https:\/\/api.w.org\/{rel}","templated":true}]}}