{"id":61,"date":"2021-11-10T10:46:46","date_gmt":"2021-11-10T07:46:46","guid":{"rendered":"https:\/\/maisonmarvis.com\/?post_type=product&#038;p=61"},"modified":"2021-11-10T10:47:44","modified_gmt":"2021-11-10T07:47:44","slug":"puskullu-kirlent-taba","status":"publish","type":"product","link":"https:\/\/maisonmarvis.com\/index.php\/urun\/puskullu-kirlent-taba\/","title":{"rendered":"P\u00fcsk\u00fcll\u00fc K\u0131rlent (Taba)"},"content":{"rendered":"","protected":false},"excerpt":{"rendered":"<p>Materyaller<\/p>\n<ul>\n<li>Dokuma Keten<\/li>\n<\/ul>\n<p>Boyutlat<\/p>\n<ul>\n<li>45&#215;45<\/li>\n<\/ul>\n","protected":false},"featured_media":62,"template":"","meta":{"om_disable_all_campaigns":false,"_monsterinsights_skip_tracking":false,"_monsterinsights_sitenote_active":false,"_monsterinsights_sitenote_note":"","_monsterinsights_sitenote_category":0},"product_cat":[18],"product_tag":[30,29,28],"yoast_head":"<!-- This site is optimized with the Yoast SEO plugin v18.3 - https:\/\/yoast.com\/wordpress\/plugins\/seo\/ -->\n<title>P\u00fcsk\u00fcll\u00fc K\u0131rlent (Taba) -<\/title>\n<meta name=\"robots\" content=\"index, follow, max-snippet:-1, max-image-preview:large, max-video-preview:-1\" \/>\n<link rel=\"canonical\" href=\"https:\/\/maisonmarvis.com\/index.php\/urun\/puskullu-kirlent-taba\/\" \/>\n<meta property=\"og:locale\" content=\"en_US\" \/>\n<meta property=\"og:type\" content=\"article\" \/>\n<meta property=\"og:title\" content=\"P\u00fcsk\u00fcll\u00fc K\u0131rlent (Taba) -\" \/>\n<meta property=\"og:description\" content=\"Materyaller   Dokuma Keten  Boyutlat   45x45\" \/>\n<meta property=\"og:url\" content=\"https:\/\/maisonmarvis.com\/index.php\/urun\/puskullu-kirlent-taba\/\" \/>\n<meta property=\"article:modified_time\" content=\"2021-11-10T07:47:44+00:00\" \/>\n<meta property=\"og:image\" content=\"https:\/\/maisonmarvis.com\/wp-content\/uploads\/2021\/11\/8217008933_2_4_2.jpg\" \/>\n\t<meta property=\"og:image:width\" content=\"1200\" \/>\n\t<meta property=\"og:image:height\" content=\"1487\" \/>\n\t<meta property=\"og:image:type\" content=\"image\/jpeg\" \/>\n<meta name=\"twitter:card\" content=\"summary_large_image\" \/>\n<script type=\"application\/ld+json\" class=\"yoast-schema-graph\">{\"@context\":\"https:\/\/schema.org\",\"@graph\":[{\"@type\":\"WebSite\",\"@id\":\"https:\/\/maisonmarvis.com\/#website\",\"url\":\"https:\/\/maisonmarvis.com\/\",\"name\":\"\",\"description\":\"Maison Marvis\",\"potentialAction\":[{\"@type\":\"SearchAction\",\"target\":{\"@type\":\"EntryPoint\",\"urlTemplate\":\"https:\/\/maisonmarvis.com\/?s={search_term_string}\"},\"query-input\":\"required name=search_term_string\"}],\"inLanguage\":\"en-US\"},{\"@type\":\"ImageObject\",\"@id\":\"https:\/\/maisonmarvis.com\/index.php\/urun\/puskullu-kirlent-taba\/#primaryimage\",\"inLanguage\":\"en-US\",\"url\":\"https:\/\/maisonmarvis.com\/wp-content\/uploads\/2021\/11\/8217008933_2_4_2.jpg\",\"contentUrl\":\"https:\/\/maisonmarvis.com\/wp-content\/uploads\/2021\/11\/8217008933_2_4_2.jpg\",\"width\":1200,\"height\":1487},{\"@type\":\"WebPage\",\"@id\":\"https:\/\/maisonmarvis.com\/index.php\/urun\/puskullu-kirlent-taba\/#webpage\",\"url\":\"https:\/\/maisonmarvis.com\/index.php\/urun\/puskullu-kirlent-taba\/\",\"name\":\"P\u00fcsk\u00fcll\u00fc K\u0131rlent (Taba) -\",\"isPartOf\":{\"@id\":\"https:\/\/maisonmarvis.com\/#website\"},\"primaryImageOfPage\":{\"@id\":\"https:\/\/maisonmarvis.com\/index.php\/urun\/puskullu-kirlent-taba\/#primaryimage\"},\"datePublished\":\"2021-11-10T07:46:46+00:00\",\"dateModified\":\"2021-11-10T07:47:44+00:00\",\"breadcrumb\":{\"@id\":\"https:\/\/maisonmarvis.com\/index.php\/urun\/puskullu-kirlent-taba\/#breadcrumb\"},\"inLanguage\":\"en-US\",\"potentialAction\":[{\"@type\":\"ReadAction\",\"target\":[\"https:\/\/maisonmarvis.com\/index.php\/urun\/puskullu-kirlent-taba\/\"]}]},{\"@type\":\"BreadcrumbList\",\"@id\":\"https:\/\/maisonmarvis.com\/index.php\/urun\/puskullu-kirlent-taba\/#breadcrumb\",\"itemListElement\":[{\"@type\":\"ListItem\",\"position\":1,\"name\":\"Anasayfa\",\"item\":\"https:\/\/maisonmarvis.com\/\"},{\"@type\":\"ListItem\",\"position\":2,\"name\":\"Ma\u011faza\",\"item\":\"https:\/\/maisonmarvis.com\/index.php\/magaza\/\"},{\"@type\":\"ListItem\",\"position\":3,\"name\":\"P\u00fcsk\u00fcll\u00fc K\u0131rlent (Taba)\"}]}]}<\/script>\n<!-- \/ Yoast SEO plugin. -->","yoast_head_json":{"title":"P\u00fcsk\u00fcll\u00fc K\u0131rlent (Taba) -","robots":{"index":"index","follow":"follow","max-snippet":"max-snippet:-1","max-image-preview":"max-image-preview:large","max-video-preview":"max-video-preview:-1"},"canonical":"https:\/\/maisonmarvis.com\/index.php\/urun\/puskullu-kirlent-taba\/","og_locale":"en_US","og_type":"article","og_title":"P\u00fcsk\u00fcll\u00fc K\u0131rlent (Taba) -","og_description":"Materyaller   Dokuma Keten  Boyutlat   45x45","og_url":"https:\/\/maisonmarvis.com\/index.php\/urun\/puskullu-kirlent-taba\/","article_modified_time":"2021-11-10T07:47:44+00:00","og_image":[{"width":1200,"height":1487,"url":"https:\/\/maisonmarvis.com\/wp-content\/uploads\/2021\/11\/8217008933_2_4_2.jpg","type":"image\/jpeg"}],"twitter_card":"summary_large_image","schema":{"@context":"https:\/\/schema.org","@graph":[{"@type":"WebSite","@id":"https:\/\/maisonmarvis.com\/#website","url":"https:\/\/maisonmarvis.com\/","name":"","description":"Maison Marvis","potentialAction":[{"@type":"SearchAction","target":{"@type":"EntryPoint","urlTemplate":"https:\/\/maisonmarvis.com\/?s={search_term_string}"},"query-input":"required name=search_term_string"}],"inLanguage":"en-US"},{"@type":"ImageObject","@id":"https:\/\/maisonmarvis.com\/index.php\/urun\/puskullu-kirlent-taba\/#primaryimage","inLanguage":"en-US","url":"https:\/\/maisonmarvis.com\/wp-content\/uploads\/2021\/11\/8217008933_2_4_2.jpg","contentUrl":"https:\/\/maisonmarvis.com\/wp-content\/uploads\/2021\/11\/8217008933_2_4_2.jpg","width":1200,"height":1487},{"@type":"WebPage","@id":"https:\/\/maisonmarvis.com\/index.php\/urun\/puskullu-kirlent-taba\/#webpage","url":"https:\/\/maisonmarvis.com\/index.php\/urun\/puskullu-kirlent-taba\/","name":"P\u00fcsk\u00fcll\u00fc K\u0131rlent (Taba) -","isPartOf":{"@id":"https:\/\/maisonmarvis.com\/#website"},"primaryImageOfPage":{"@id":"https:\/\/maisonmarvis.com\/index.php\/urun\/puskullu-kirlent-taba\/#primaryimage"},"datePublished":"2021-11-10T07:46:46+00:00","dateModified":"2021-11-10T07:47:44+00:00","breadcrumb":{"@id":"https:\/\/maisonmarvis.com\/index.php\/urun\/puskullu-kirlent-taba\/#breadcrumb"},"inLanguage":"en-US","potentialAction":[{"@type":"ReadAction","target":["https:\/\/maisonmarvis.com\/index.php\/urun\/puskullu-kirlent-taba\/"]}]},{"@type":"BreadcrumbList","@id":"https:\/\/maisonmarvis.com\/index.php\/urun\/puskullu-kirlent-taba\/#breadcrumb","itemListElement":[{"@type":"ListItem","position":1,"name":"Anasayfa","item":"https:\/\/maisonmarvis.com\/"},{"@type":"ListItem","position":2,"name":"Ma\u011faza","item":"https:\/\/maisonmarvis.com\/index.php\/magaza\/"},{"@type":"ListItem","position":3,"name":"P\u00fcsk\u00fcll\u00fc K\u0131rlent (Taba)"}]}]}},"_links":{"self":[{"href":"https:\/\/maisonmarvis.com\/index.php\/wp-json\/wp\/v2\/product\/61"}],"collection":[{"href":"https:\/\/maisonmarvis.com\/index.php\/wp-json\/wp\/v2\/product"}],"about":[{"href":"https:\/\/maisonmarvis.com\/index.php\/wp-json\/wp\/v2\/types\/product"}],"wp:featuredmedia":[{"embeddable":true,"href":"https:\/\/maisonmarvis.com\/index.php\/wp-json\/wp\/v2\/media\/62"}],"wp:attachment":[{"href":"https:\/\/maisonmarvis.com\/index.php\/wp-json\/wp\/v2\/media?parent=61"}],"wp:term":[{"taxonomy":"product_cat","embeddable":true,"href":"https:\/\/maisonmarvis.com\/index.php\/wp-json\/wp\/v2\/product_cat?post=61"},{"taxonomy":"product_tag","embeddable":true,"href":"https:\/\/maisonmarvis.com\/index.php\/wp-json\/wp\/v2\/product_tag?post=61"}],"curies":[{"name":"wp","href":"https:\/\/api.w.org\/{rel}","templated":true}]}}